{"id":123,"date":"2022-07-26T09:29:38","date_gmt":"2022-07-26T12:29:38","guid":{"rendered":"https:\/\/www.ortopedicav2.com.br\/site\/?post_type=product&#038;p=123"},"modified":"2024-11-12T19:48:30","modified_gmt":"2024-11-12T22:48:30","slug":"colete-jewett","status":"publish","type":"product","link":"https:\/\/www.ortopedicav2.com.br\/site\/produto\/colete-jewett\/","title":{"rendered":"Colete Jewett"},"content":{"rendered":"<p>O Colete Jewett\u00a0 \u00e9 indicado para pacientes com postura cif\u00f3tica ou portadores de fraturas da coluna tor\u00e1cica. O Colete Jewet tamb\u00e9m \u00e9 indicado para recupera\u00e7\u00e3o e tratamento de fratura de compress\u00e3o, osteoporose, artrite verbal, ep\u00edfisite e osteocondrite.<\/p>\n<p><b>Indica\u00e7\u00f5es:<\/b><br \/>\n\u2013 Fraturas de compress\u00e3o<br \/>\n\u2013 Osteoporose<br \/>\n\u2013 Artrite Vertebrais<br \/>\n\u2013 Epifisites<br \/>\n\u2013 Osteocondrites<br \/>\n\u2013 Fraturas da coluna tor\u00e1cica<br \/>\n\u2013 Postura Cif\u00f3tica na tuberculose vertebral.<\/p>\n","protected":false},"excerpt":{"rendered":"<p>O Colete Jewett\u00a0 \u00e9 indicado para pacientes com postura cif\u00f3tica ou portadores de fraturas da coluna tor\u00e1cica. O Colete Jewet tamb\u00e9m \u00e9 indicado para recupera\u00e7\u00e3o e tratamento de fratura de compress\u00e3o, osteoporose, artrite verbal, ep\u00edfisite e osteocondrite. Indica\u00e7\u00f5es: \u2013 Fraturas de compress\u00e3o \u2013 Osteoporose \u2013 Artrite Vertebrais \u2013 Epifisites \u2013 Osteocondrites \u2013 Fraturas da coluna [&hellip;]<\/p>\n","protected":false},"featured_media":124,"comment_status":"closed","ping_status":"closed","template":"","meta":[],"class_list":{"0":"post-123","1":"product","2":"type-product","3":"status-publish","4":"has-post-thumbnail","6":"product_cat-coletes-ortopedicos","8":"first","9":"instock","10":"shipping-taxable","11":"product-type-simple"},"_links":{"self":[{"href":"https:\/\/www.ortopedicav2.com.br\/site\/wp-json\/wp\/v2\/product\/123"}],"collection":[{"href":"https:\/\/www.ortopedicav2.com.br\/site\/wp-json\/wp\/v2\/product"}],"about":[{"href":"https:\/\/www.ortopedicav2.com.br\/site\/wp-json\/wp\/v2\/types\/product"}],"replies":[{"embeddable":true,"href":"https:\/\/www.ortopedicav2.com.br\/site\/wp-json\/wp\/v2\/comments?post=123"}],"wp:featuredmedia":[{"embeddable":true,"href":"https:\/\/www.ortopedicav2.com.br\/site\/wp-json\/wp\/v2\/media\/124"}],"wp:attachment":[{"href":"https:\/\/www.ortopedicav2.com.br\/site\/wp-json\/wp\/v2\/media?parent=123"}],"curies":[{"name":"wp","href":"https:\/\/api.w.org\/{rel}","templated":true}]}}

<p>O Colete Jewett  é indicado para pacientes com postura cifótica ou portadores de fraturas da coluna torácica. O Colete Jewet também é indicado para recuperação e tratamento de fratura de compressão, osteoporose, artrite verbal, epífisite e osteocondrite.</p>
<p><b>Indicações:</b><br />
– Fraturas de compressão<br />
– Osteoporose<br />
– Artrite Vertebrais<br />
– Epifisites<br />
– Osteocondrites<br />
– Fraturas da coluna torácica<br />
– Postura Cifótica na tuberculose vertebral.</p>

<p>O Colete Jewett  é indicado para pacientes com postura cifótica ou portadores de fraturas da coluna torácica. O Colete Jewet também é indicado para recuperação e tratamento de fratura de compressão, osteoporose, artrite verbal, epífisite e osteocondrite. Indicações: – Fraturas de compressão – Osteoporose – Artrite Vertebrais – Epifisites – Osteocondrites – Fraturas da coluna [&hellip;]</p>
