{"id":182,"date":"2022-09-06T11:20:00","date_gmt":"2022-09-06T14:20:00","guid":{"rendered":"https:\/\/www.ortopedicav2.com.br\/site\/?post_type=product&#038;p=182"},"modified":"2024-11-12T19:48:30","modified_gmt":"2024-11-12T22:48:30","slug":"liner-ottobock-6y110-skeo-sealing-transfemoral-sem-conexao","status":"publish","type":"product","link":"https:\/\/www.ortopedicav2.com.br\/site\/produto\/liner-ottobock-6y110-skeo-sealing-transfemoral-sem-conexao\/","title":{"rendered":"Liner Ottobock 6Y110 Skeo Sealing Transfemoral sem Conex\u00e3o"},"content":{"rendered":"<ul>\n<li>Cont\u00e9m\u00a0<strong>01 Unidade<\/strong><\/li>\n<li>Modelo: 6Y110<\/li>\n<li>ANVISA 10292010069<\/li>\n<li>Composi\u00e7\u00e3o: Silicone<\/li>\n<li>N\u00edvel de Amputa\u00e7\u00e3o: transfemoral<\/li>\n<li>Conex\u00e3o Distal: n\u00e3o possui<\/li>\n<li>Revestimento em Tecido: n\u00e3o possui<\/li>\n<li>Matriz: possui<\/li>\n<li>Tecnologia Skinguard: possui<\/li>\n<\/ul>\n<h3 id=\"carac\" class=\"produto-caracteristica\">Espessuras Do Liner<\/h3>\n<div><img decoding=\"async\" src=\"https:\/\/recursos.fisiostore.com.br\/MediaCenter\/espessuras-liners-otto-6y110.jpg\" border=\"0\"  loading=\"lazy\" \/><\/div>\n<h2 id=\"tabela\" class=\"produto-tabela\"><\/h2>\n<table class=\"prodtable\" style=\"height: 409px;\" width=\"305\">\n<tbody>\n<tr>\n<th style=\"text-align: left;\">\n<h3>Circunfer\u00eancia Distal do Coto<\/h3>\n<\/th>\n<\/tr>\n<tr>\n<td style=\"text-align: center;\">280mm<\/td>\n<\/tr>\n<tr>\n<td style=\"text-align: center;\">300mm<\/td>\n<\/tr>\n<tr>\n<td style=\"text-align: center;\">320mm<\/td>\n<\/tr>\n<tr>\n<td style=\"text-align: center;\">340mm<\/td>\n<\/tr>\n<tr>\n<td style=\"text-align: center;\">360mm<\/td>\n<\/tr>\n<tr>\n<td style=\"text-align: center;\">380mm<\/td>\n<\/tr>\n<tr>\n<td style=\"text-align: center;\">400mm<\/td>\n<\/tr>\n<tr>\n<td style=\"text-align: center;\">450mm<\/td>\n<\/tr>\n<tr>\n<td style=\"text-align: center;\">500mm<\/td>\n<\/tr>\n<tr>\n<td style=\"text-align: center;\">550mm<\/td>\n<\/tr>\n<\/tbody>\n<\/table>\n<p>&nbsp;<\/p>\n<table class=\"prodtable\" style=\"height: 163px;\" width=\"629\">\n<tbody>\n<tr>\n<th>\n<h3>Altura do Anel<\/h3>\n<h3>de Veda\u00e7\u00e3o<\/h3>\n<\/th>\n<th>\n<h3>Comprimento total do Coto<\/h3>\n<h3>Indicado para a Altura do Anel<\/h3>\n<\/th>\n<\/tr>\n<tr>\n<td style=\"text-align: center;\">10cm<\/td>\n<td style=\"text-align: center;\">15-22cm<\/td>\n<\/tr>\n<tr>\n<td style=\"text-align: center;\">17cm<\/td>\n<td style=\"text-align: center;\">acima de 22cm<\/td>\n<\/tr>\n<\/tbody>\n<\/table>\n","protected":false},"excerpt":{"rendered":"<p>Cont\u00e9m\u00a001 Unidade Modelo: 6Y110 ANVISA 10292010069 Composi\u00e7\u00e3o: Silicone N\u00edvel de Amputa\u00e7\u00e3o: transfemoral Conex\u00e3o Distal: n\u00e3o possui Revestimento em Tecido: n\u00e3o possui Matriz: possui Tecnologia Skinguard: possui Espessuras Do Liner Circunfer\u00eancia Distal do Coto 280mm 300mm 320mm 340mm 360mm 380mm 400mm 450mm 500mm 550mm &nbsp; Altura do Anel de Veda\u00e7\u00e3o Comprimento total do Coto Indicado para [&hellip;]<\/p>\n","protected":false},"featured_media":183,"comment_status":"closed","ping_status":"closed","template":"","meta":[],"class_list":{"0":"post-182","1":"product","2":"type-product","3":"status-publish","4":"has-post-thumbnail","6":"product_cat-liner","8":"first","9":"instock","10":"shipping-taxable","11":"product-type-simple"},"_links":{"self":[{"href":"https:\/\/www.ortopedicav2.com.br\/site\/wp-json\/wp\/v2\/product\/182"}],"collection":[{"href":"https:\/\/www.ortopedicav2.com.br\/site\/wp-json\/wp\/v2\/product"}],"about":[{"href":"https:\/\/www.ortopedicav2.com.br\/site\/wp-json\/wp\/v2\/types\/product"}],"replies":[{"embeddable":true,"href":"https:\/\/www.ortopedicav2.com.br\/site\/wp-json\/wp\/v2\/comments?post=182"}],"wp:featuredmedia":[{"embeddable":true,"href":"https:\/\/www.ortopedicav2.com.br\/site\/wp-json\/wp\/v2\/media\/183"}],"wp:attachment":[{"href":"https:\/\/www.ortopedicav2.com.br\/site\/wp-json\/wp\/v2\/media?parent=182"}],"curies":[{"name":"wp","href":"https:\/\/api.w.org\/{rel}","templated":true}]}}