{"id":238,"date":"2022-09-13T10:08:50","date_gmt":"2022-09-13T13:08:50","guid":{"rendered":"https:\/\/www.ortopedicav2.com.br\/site\/?post_type=product&#038;p=238"},"modified":"2024-11-12T19:48:29","modified_gmt":"2024-11-12T22:48:29","slug":"colete-milwaukee","status":"publish","type":"product","link":"https:\/\/www.ortopedicav2.com.br\/site\/produto\/colete-milwaukee\/","title":{"rendered":"Colete Milwaukee"},"content":{"rendered":"<p>Permite atrav\u00e9s de almofadas e apoio corrigir as deformidades escapulares, das costelas e ombros. Promove a corre\u00e7\u00e3o e estabilidade dos componentes articulares da coluna vertebral a fim de bloquear e reduzir a progress\u00e3o das altera\u00e7\u00f5es posturais. Assim como, melhora do esquema de imagem corporal do paciente.<\/p>\n<p>&nbsp;<\/p>\n","protected":false},"excerpt":{"rendered":"<p>Permite atrav\u00e9s de almofadas e apoio corrigir as deformidades escapulares, das costelas e ombros. Promove a corre\u00e7\u00e3o e estabilidade dos componentes articulares da coluna vertebral a fim de bloquear e reduzir a progress\u00e3o das altera\u00e7\u00f5es posturais. Assim como, melhora do esquema de imagem corporal do paciente. &nbsp;<\/p>\n","protected":false},"featured_media":239,"comment_status":"closed","ping_status":"closed","template":"","meta":[],"class_list":{"0":"post-238","1":"product","2":"type-product","3":"status-publish","4":"has-post-thumbnail","6":"product_cat-coletes-ortopedicos","8":"first","9":"instock","10":"shipping-taxable","11":"product-type-simple"},"_links":{"self":[{"href":"https:\/\/www.ortopedicav2.com.br\/site\/wp-json\/wp\/v2\/product\/238"}],"collection":[{"href":"https:\/\/www.ortopedicav2.com.br\/site\/wp-json\/wp\/v2\/product"}],"about":[{"href":"https:\/\/www.ortopedicav2.com.br\/site\/wp-json\/wp\/v2\/types\/product"}],"replies":[{"embeddable":true,"href":"https:\/\/www.ortopedicav2.com.br\/site\/wp-json\/wp\/v2\/comments?post=238"}],"wp:featuredmedia":[{"embeddable":true,"href":"https:\/\/www.ortopedicav2.com.br\/site\/wp-json\/wp\/v2\/media\/239"}],"wp:attachment":[{"href":"https:\/\/www.ortopedicav2.com.br\/site\/wp-json\/wp\/v2\/media?parent=238"}],"curies":[{"name":"wp","href":"https:\/\/api.w.org\/{rel}","templated":true}]}}

<p>Permite através de almofadas e apoio corrigir as deformidades escapulares, das costelas e ombros. Promove a correção e estabilidade dos componentes articulares da coluna vertebral a fim de bloquear e reduzir a progressão das alterações posturais. Assim como, melhora do esquema de imagem corporal do paciente.</p>
<p>&nbsp;</p>

<p>Permite através de almofadas e apoio corrigir as deformidades escapulares, das costelas e ombros. Promove a correção e estabilidade dos componentes articulares da coluna vertebral a fim de bloquear e reduzir a progressão das alterações posturais. Assim como, melhora do esquema de imagem corporal do paciente. &nbsp;</p>
