{"id":240,"date":"2022-09-13T10:21:24","date_gmt":"2022-09-13T13:21:24","guid":{"rendered":"https:\/\/www.ortopedicav2.com.br\/site\/?post_type=product&#038;p=240"},"modified":"2024-11-12T19:48:29","modified_gmt":"2024-11-12T22:48:29","slug":"colete-knight-taylor","status":"publish","type":"product","link":"https:\/\/www.ortopedicav2.com.br\/site\/produto\/colete-knight-taylor\/","title":{"rendered":"Colete Knight Taylor"},"content":{"rendered":"<p>Indicado para estabiliza\u00e7\u00e3o e imobiliza\u00e7\u00e3o da coluna toraco-lombo-sacra, artroses, p\u00f3s-operat\u00f3rio de estabiliza\u00e7\u00e3o da coluna vertebral e cirurgia de disco, osteoporose, processos inflamat\u00f3rios, traumatismo, h\u00e9rnia de disco, escoliose, fraturas, les\u00f5es musculares graves, dor lombar cr\u00f4nica, instabilidade espinhal e tor\u00e1cica.<\/p>\n","protected":false},"excerpt":{"rendered":"<p>Indicado para estabiliza\u00e7\u00e3o e imobiliza\u00e7\u00e3o da coluna toraco-lombo-sacra, artroses, p\u00f3s-operat\u00f3rio de estabiliza\u00e7\u00e3o da coluna vertebral e cirurgia de disco, osteoporose, processos inflamat\u00f3rios, traumatismo, h\u00e9rnia de disco, escoliose, fraturas, les\u00f5es musculares graves, dor lombar cr\u00f4nica, instabilidade espinhal e tor\u00e1cica.<\/p>\n","protected":false},"featured_media":241,"comment_status":"closed","ping_status":"closed","template":"","meta":[],"class_list":{"0":"post-240","1":"product","2":"type-product","3":"status-publish","4":"has-post-thumbnail","6":"product_cat-coletes-ortopedicos","8":"first","9":"instock","10":"shipping-taxable","11":"product-type-simple"},"_links":{"self":[{"href":"https:\/\/www.ortopedicav2.com.br\/site\/wp-json\/wp\/v2\/product\/240"}],"collection":[{"href":"https:\/\/www.ortopedicav2.com.br\/site\/wp-json\/wp\/v2\/product"}],"about":[{"href":"https:\/\/www.ortopedicav2.com.br\/site\/wp-json\/wp\/v2\/types\/product"}],"replies":[{"embeddable":true,"href":"https:\/\/www.ortopedicav2.com.br\/site\/wp-json\/wp\/v2\/comments?post=240"}],"wp:featuredmedia":[{"embeddable":true,"href":"https:\/\/www.ortopedicav2.com.br\/site\/wp-json\/wp\/v2\/media\/241"}],"wp:attachment":[{"href":"https:\/\/www.ortopedicav2.com.br\/site\/wp-json\/wp\/v2\/media?parent=240"}],"curies":[{"name":"wp","href":"https:\/\/api.w.org\/{rel}","templated":true}]}}

<p>Indicado para estabilização e imobilização da coluna toraco-lombo-sacra, artroses, pós-operatório de estabilização da coluna vertebral e cirurgia de disco, osteoporose, processos inflamatórios, traumatismo, hérnia de disco, escoliose, fraturas, lesões musculares graves, dor lombar crônica, instabilidade espinhal e torácica.</p>
