{"id":258,"date":"2022-09-13T11:42:43","date_gmt":"2022-09-13T14:42:43","guid":{"rendered":"https:\/\/www.ortopedicav2.com.br\/site\/?post_type=product&#038;p=258"},"modified":"2024-11-12T19:48:29","modified_gmt":"2024-11-12T22:48:29","slug":"joelheira-silicone-iceross-sleeve-ossur","status":"publish","type":"product","link":"https:\/\/www.ortopedicav2.com.br\/site\/produto\/joelheira-silicone-iceross-sleeve-ossur\/","title":{"rendered":"Joelheira Silicone Iceross Sleeve Ossur"},"content":{"rendered":"<p>A Joelheira para protese transtibial Silicone Iceross Sleeve Ossur produz uma boa suc\u00e7\u00e3o, mais seguran\u00e7a e menos resist\u00eancia no joelho.<\/p>\n<p>A \u00d6ssur elevou a tecnologia de ondula\u00e7\u00e3o ao desenvolver a Luva Iceross. A caracter\u00edstica ondulada torna o liner mais f\u00e1cil de ser flexionado no joelho, permitindo que se adapte melhor aos movimentos do usu\u00e1rio. Menor resist\u00eancia significa menos energia para flexionar o joelho. Ele se estica de forma eficaz na frente e se dobra de maneira controlada por tr\u00e1s do joelho.<\/p>\n<p>O perfil da luva \u00e9 mais grosso ao redor das bordas do encaixe, gerando maior resist\u00eancia nas \u00e1reas selecionadas para reduzir o desgaste. Recomenda-se usar a Luva Iceross em conjunto com a linha de Liners Amortecedores Iceross.<\/p>\n<p><strong>Caracter\u00edsticas Iceross Sleeve<\/strong><\/p>\n<ul>\n<li>N\u00edvel de amputa\u00e7\u00e3o: Transtibial<\/li>\n<li>N\u00edveis\u00a0de Impacto\/Atividade: baixo a extremo<\/li>\n<li>Material: Silicone<\/li>\n<\/ul>\n","protected":false},"excerpt":{"rendered":"<p>A Joelheira para protese transtibial Silicone Iceross Sleeve Ossur produz uma boa suc\u00e7\u00e3o, mais seguran\u00e7a e menos resist\u00eancia no joelho. A \u00d6ssur elevou a tecnologia de ondula\u00e7\u00e3o ao desenvolver a Luva Iceross. A caracter\u00edstica ondulada torna o liner mais f\u00e1cil de ser flexionado no joelho, permitindo que se adapte melhor aos movimentos do usu\u00e1rio. Menor [&hellip;]<\/p>\n","protected":false},"featured_media":259,"comment_status":"closed","ping_status":"closed","template":"","meta":[],"class_list":{"0":"post-258","1":"product","2":"type-product","3":"status-publish","4":"has-post-thumbnail","6":"product_cat-joelheiras","8":"first","9":"instock","10":"shipping-taxable","11":"product-type-simple"},"_links":{"self":[{"href":"https:\/\/www.ortopedicav2.com.br\/site\/wp-json\/wp\/v2\/product\/258"}],"collection":[{"href":"https:\/\/www.ortopedicav2.com.br\/site\/wp-json\/wp\/v2\/product"}],"about":[{"href":"https:\/\/www.ortopedicav2.com.br\/site\/wp-json\/wp\/v2\/types\/product"}],"replies":[{"embeddable":true,"href":"https:\/\/www.ortopedicav2.com.br\/site\/wp-json\/wp\/v2\/comments?post=258"}],"wp:featuredmedia":[{"embeddable":true,"href":"https:\/\/www.ortopedicav2.com.br\/site\/wp-json\/wp\/v2\/media\/259"}],"wp:attachment":[{"href":"https:\/\/www.ortopedicav2.com.br\/site\/wp-json\/wp\/v2\/media?parent=258"}],"curies":[{"name":"wp","href":"https:\/\/api.w.org\/{rel}","templated":true}]}}