{"id":264,"date":"2022-09-13T13:48:46","date_gmt":"2022-09-13T16:48:46","guid":{"rendered":"https:\/\/www.ortopedicav2.com.br\/site\/?post_type=product&#038;p=264"},"modified":"2024-11-12T19:48:29","modified_gmt":"2024-11-12T22:48:29","slug":"pe-para-protese-dilepe-tres","status":"publish","type":"product","link":"https:\/\/www.ortopedicav2.com.br\/site\/produto\/pe-para-protese-dilepe-tres\/","title":{"rendered":"P\u00e9 para pr\u00f3tese Dilep\u00e9 Tr\u00e9s"},"content":{"rendered":"<p>Com uma alavanca de comprimento total do dedo do p\u00e9 em um design livre de manuten\u00e7\u00e3o, o Tr\u00e9s \u00e9 uma op\u00e7\u00e3o de baixo custo ideal para pessoas com uma vida ativa. Cada p\u00e9 fornece uma boa amplitude de movimento e excelente durabilidade e pode ser combinado com o andar de utiliza\u00e7\u00e3o regular ou de servi\u00e7o pesado.<\/p>\n","protected":false},"excerpt":{"rendered":"<p>Com uma alavanca de comprimento total do dedo do p\u00e9 em um design livre de manuten\u00e7\u00e3o, o Tr\u00e9s \u00e9 uma op\u00e7\u00e3o de baixo custo ideal para pessoas com uma vida ativa. Cada p\u00e9 fornece uma boa amplitude de movimento e excelente durabilidade e pode ser combinado com o andar de utiliza\u00e7\u00e3o regular ou de servi\u00e7o [&hellip;]<\/p>\n","protected":false},"featured_media":265,"comment_status":"closed","ping_status":"closed","template":"","meta":[],"class_list":{"0":"post-264","1":"product","2":"type-product","3":"status-publish","4":"has-post-thumbnail","6":"product_cat-pe-para-protese","8":"first","9":"instock","10":"shipping-taxable","11":"product-type-simple"},"_links":{"self":[{"href":"https:\/\/www.ortopedicav2.com.br\/site\/wp-json\/wp\/v2\/product\/264"}],"collection":[{"href":"https:\/\/www.ortopedicav2.com.br\/site\/wp-json\/wp\/v2\/product"}],"about":[{"href":"https:\/\/www.ortopedicav2.com.br\/site\/wp-json\/wp\/v2\/types\/product"}],"replies":[{"embeddable":true,"href":"https:\/\/www.ortopedicav2.com.br\/site\/wp-json\/wp\/v2\/comments?post=264"}],"wp:featuredmedia":[{"embeddable":true,"href":"https:\/\/www.ortopedicav2.com.br\/site\/wp-json\/wp\/v2\/media\/265"}],"wp:attachment":[{"href":"https:\/\/www.ortopedicav2.com.br\/site\/wp-json\/wp\/v2\/media?parent=264"}],"curies":[{"name":"wp","href":"https:\/\/api.w.org\/{rel}","templated":true}]}}