{"id":88,"date":"2022-06-29T16:32:42","date_gmt":"2022-06-29T19:32:42","guid":{"rendered":"https:\/\/www.ortopedicav2.com.br\/site\/?post_type=product&#038;p=88"},"modified":"2024-11-12T19:48:30","modified_gmt":"2024-11-12T22:48:30","slug":"kafo","status":"publish","type":"product","link":"https:\/\/www.ortopedicav2.com.br\/site\/produto\/kafo\/","title":{"rendered":"KAFO"},"content":{"rendered":"<div class=\"bloco-titulo-prod\">\n<p class=\"titulo-descricao\">A \u00d3rtese Cruropod\u00e1lica (Tutor Longo\/KAFO)\u00a0promove a estabilidade das articula\u00e7\u00f5es joelho, tornozelo e p\u00e9.<\/p>\n<\/div>\n<div class=\"bloco-desc-prod\">\n<div class=\"texto-internas ckEditorBox\">\n<p>Confeccionadas sob medida, melhoram o controle motor e trazem maior independ\u00eancia durante a marcha e nas atividades de vida di\u00e1ria.<\/p>\n<p>Apresentam articula\u00e7\u00f5es de controles mec\u00e2nicos, manuais ou eletr\u00f4nicos que trazem maior estabilidade do joelho.<\/p>\n<p>Fabricado sob medida.<\/p>\n<\/div>\n<\/div>\n","protected":false},"excerpt":{"rendered":"<p>A \u00d3rtese Cruropod\u00e1lica (Tutor Longo\/KAFO)\u00a0promove a estabilidade das articula\u00e7\u00f5es joelho, tornozelo e p\u00e9. Confeccionadas sob medida, melhoram o controle motor e trazem maior independ\u00eancia durante a marcha e nas atividades de vida di\u00e1ria. Apresentam articula\u00e7\u00f5es de controles mec\u00e2nicos, manuais ou eletr\u00f4nicos que trazem maior estabilidade do joelho. Fabricado sob medida.<\/p>\n","protected":false},"featured_media":136,"comment_status":"closed","ping_status":"closed","template":"","meta":[],"class_list":{"0":"post-88","1":"product","2":"type-product","3":"status-publish","4":"has-post-thumbnail","6":"product_cat-orteses","8":"first","9":"instock","10":"shipping-taxable","11":"product-type-simple"},"_links":{"self":[{"href":"https:\/\/www.ortopedicav2.com.br\/site\/wp-json\/wp\/v2\/product\/88"}],"collection":[{"href":"https:\/\/www.ortopedicav2.com.br\/site\/wp-json\/wp\/v2\/product"}],"about":[{"href":"https:\/\/www.ortopedicav2.com.br\/site\/wp-json\/wp\/v2\/types\/product"}],"replies":[{"embeddable":true,"href":"https:\/\/www.ortopedicav2.com.br\/site\/wp-json\/wp\/v2\/comments?post=88"}],"wp:featuredmedia":[{"embeddable":true,"href":"https:\/\/www.ortopedicav2.com.br\/site\/wp-json\/wp\/v2\/media\/136"}],"wp:attachment":[{"href":"https:\/\/www.ortopedicav2.com.br\/site\/wp-json\/wp\/v2\/media?parent=88"}],"curies":[{"name":"wp","href":"https:\/\/api.w.org\/{rel}","templated":true}]}}